664?
2664
In base 7, what is -1650 - 5?
-1655
In base 8, what is 1 - -703?
704
In base 5, what is 1002 - 1?
1001
In base 7, what is -50 + 106?
26
In base 3, what is 2020111 - 2?
2020102
In base 9, what is -14524 - 2?
-14526
In base 16, what is -3 + -37?
-3a
In base 13, what is -1 + a?
9
In base 14, what is -219 + -1?
-21a
In base 14, what is -736 + 4?
-732
In base 13, what is -5 + -18?
-20
In base 4, what is -10122130 - -10?
-10122120
In base 12, what is 2597 - 5?
2592
In base 7, what is 0 - 224?
-224
In base 11, what is -4 + -2?
-6
In base 4, what is 11 - -1330?
2001
In base 13, what is 2 - -218?
21a
In base 9, what is 1 + 3733?
3734
In base 15, what is -e - 3?
-12
In base 13, what is 335 - 2?
333
In base 8, what is 2 + -1451?
-1447
In base 7, what is -2 - 550?
-552
In base 15, what is 5e - 4?
5a
In base 14, what is -1b6 + 3?
-1b3
In base 3, what is -102001122 - -12?
-102001110
In base 2, what is -11010100 - 10?
-11010110
In base 5, what is -311 - 1143?
-2004
In base 5, what is -4 - -244021?
244012
In base 3, what is 11 - -222?
1010
In base 11, what is 16 - -14?
2a
In base 16, what is -a0 - -2?
-9e
In base 13, what is -7 + -20?
-27
In base 8, what is -10 + -22?
-32
In base 5, what is -10 - 20?
-30
In base 3, what is 22010 + -2?
22001
In base 11, what is 11 - -6a?
80
In base 6, what is 2 + -4350?
-4344
In base 12, what is 5 - 50?
-47
In base 7, what is 10 + -62?
-52
In base 15, what is -3 - e9?
-ec
In base 14, what is -4a + -2?
-4c
In base 11, what is 22 + -29?
-7
In base 14, what is -1084 + 1?
-1083
In base 6, what is -523 + -1?
-524
In base 8, what is -7 - 101?
-110
In base 6, what is 4 + -10421?
-10413
In base 13, what is 372 - 4?
36b
In base 9, what is 2 + 5406?
5408
In base 3, what is -12 - 202001?
-202020
In base 6, what is -352 - -2?
-350
In base 14, what is 6 - 3d?
-37
In base 2, what is 11011 + 101110111?
110010010
In base 7, what is -6320 + 2?
-6315
In base 7, what is 5 + -2040?
-2032
In base 3, what is 0 - 101?
-101
In base 10, what is -35927 - 5?
-35932
In base 5, what is 2 + 14?
21
In base 11, what is -5a4 - 4?
-5a8
In base 10, what is -3 + 22?
19
In base 12, what is 1 - -90?
91
In base 8, what is 40 + 254?
314
In base 6, what is -54 - 32?
-130
In base 16, what is 2b - -1?
2c
In base 11, what is -3024 + -1?
-3025
In base 2, what is -1 + -1000101011011?
-1000101011100
In base 3, what is -10112 - 200?
-11012
In base 7, what is -4 + 432?
425
In base 7, what is 5 + -10310?
-10302
In base 2, what is 100 + 11100?
100000
In base 12, what is -10 - -6?
-6
In base 5, what is 1 + 13101?
13102
In base 11, what is -5 + -3868?
-3872
In base 3, what is 1101200 + -1?
1101122
In base 8, what is -4 + -2162?
-2166
In base 6, what is -45 + 340?
251
In base 3, what is 0 - -2012?
2012
In base 8, what is -30 + 55?
25
In base 7, what is -4 - 5230?
-5234
In base 13, what is -480 - 1?
-481
In base 4, what is -1220 + 11?
-1203
In base 4, what is 1301 + 0?
1301
In base 6, what is -2 - 3005?
-3011
In base 14, what is -4 - d0?
-d4
In base 6, what is -121045 + 4?
-121041
In base 15, what is 120 + -5?
11a
In base 6, what is -301 + 400?
55
In base 3, what is -102211 + -10?
-102221
In base 3, what is -110201 - 2?
-110210
In base 5, what is -21 - 3?
-24
In base 12, what is 362 - -3?
365
In base 14, what is 1 + -17b?
-17a
In base 10, what is -36 - 13?
-49
In base 11, what is 4 - -76?
7a
In base 12, what is 2 + -353?
-351
In base 3, what is -1120 - -112?
-1001
In base 8, what is -477 - -10?
-467
In base 13, what is 3c9 - -4?
400
In base 3, what is 0 - 22?
-22
In base 5, what is 10243 + 12?
10310
In base 12, what is 8 + -81?
-75
In base 14, what is 44 + 0?
44
In base 12, what is 25b - -2?
261
In base 14, what is -254 + -5?
-259
In base 15, what is 47a + -2?
478
In base 3, what is 1110222 + 11?
1111010
In base 12, what is 0 + -36?
-36
In base 13, what is 1 + 48?
49
In base 13, what is -11 + -b?
-1c
In base 9, what is 153 + -24?
128
In base 2, what is -1000011 - 1010?
-1001101
In base 6, what is -51 - 0?
-51
In base 5, what is 42 - 2?
40
In base 10, what is 3 - -67?
70
In base 4, what is 100 + 321?
1021
In base 2, what is -100100 - -1001?
-11011
In base 6, what is -13 + -11?
-24
In base 12, what is -8 + 1b7?
1ab
In base 15, what is -ca - 2?
-cc
In base 4, what is 2 - 11212?
-11210
In base 8, what is 4776 + 0?
4776
In base 5, what is 3 - 20344?
-20341
In base 4, what is 331 - 3?
322
In base 8, what is 146 - -4?
152
In base 8, what is -704 - 5?
-711
In base 11, what is 12a + -1?
129
In base 5, what is -103030 + 0?
-103030
In base 7, what is 222 + -3?
216
In base 12, what is -58 - -4?
-54
In base 12, what is 23 + 1?
24
In base 15, what is 6 - 96?
-90
In base 3, what is 0 - -11121202?
11121202
In base 16, what is f + -16?
-7
In base 7, what is -4 + 1511?
1504
In base 12, what is -4 + -61b?
-623
In base 6, what is -413 - 12?
-425
In base 2, what is 10 + -110000?
-101110
In base 11, what is 65 + -5?
60
In base 2, what is -10 + 1001101100?
1001101010
In base 12, what is -23b - 0?
-23b
In base 3, what is -2021 - -10111?
1020
In base 11, what is -5 - -7a?
75
In base 11, what is -2 - -157?
155
In base 3, what is -11 - 101002?
-101020
In base 13, what is -195 + -2?
-197
In base 13, what is 198a - -3?
1990
In base 12, what is -6 - -10?
6
In base 12, what is -5a - -78?
1a
In base 5, what is -10444 + 10?
-10434
In base 5, what is 1222 + -2?
1220
In base 5, what is 10204 + 10?
10214
In base 8, what is -41 - -2?
-37
In base 11, what is 4 + a37?
a40
In base 9, what is -41 - -14?
-26
In base 5, what is -21 + -31?
-102
In base 8, what is 3507 + -21?
3466
In base 4, what is -313031 + 11?
-313020
In base 8, what is -231 + -44?
-275
In base 10, what is -1 + 2553?
2552
In base 6, what is -1 + -2303?
-2304
In base 5, what is 1010 - 2?
1003
In base 12, what is 3 - 21?
-1a
In base 6, what is -5 - -10231?
10222
In base 10, what is 3 + -7?
-4
In base 9, what is 770 + 2?
772
In base 8, what is -10750 + 3?
-10745
In base 12, what is -1 + -181?
-182
In base 5, what is -420 - -112?
-303
In base 15, what is 4 + 16?
1a
In base 15, what is 5 + 64?
69
In base 4, what is -3213 - 200?
-10013
In base 10, what is 75 - 2?
73
In base 2, what is 101 - -10?
111
In base 14, what is -1 + 9b?
9a
In base 4, what is -11 + 2?
-3
In base 8, what is -5076 + 4?
-5072
In base 16, what is -85 - 0?
-85
In base 13, what is 3 - -b8b?
b91
In base 13, what is 45 + 63?
a8
In base 9, what is -262 + -1?
-263
In base 12, what is 2 - 13b?
-139
In base 14, what is 4 + 1319?
131d
In base 7, what is 145 - 4?
141
In base 16, what is c + 6e?
7a
In base 10, what is -1228 + 9?
-1219
In base 4, what is 2003210 - -11?
2003221
In base 13, what is 2a3 - -6?
2a9
In base 14, what is 14 - -a?
20
In base 8, what is -6 - 35?
-43
In base 7, what is -205 + 4?
-201
In base 9, what is -52 + 25?
-26
In base 3, what is -20222 - -10?
-20212
In base 11, what is -4 + -225?
-229
In base 10, what is -1 - 226?
-227
In base 10, what is -203 + -42?
-245
In base 2, what is -11101 + -10100010?
-10111111
In base 9, what is 168 - -10?
178
In base 2, what is -110 - -101011000?
101010010
In base 5, what is -103 + -2233?
-2341
In base 12, what is 60 - -5?
65
In base 11, what is 5 + 43?
48
In base 16, what is -12 + 25?
13
In base 9, what is -20 - -100?
70
In base 6, what is -2 - 3154?
-3200
In base 15, what is 157 + d?
165
In base 12, what is -360 - -b?
-351
In base 12, what is -57 + 1?
-56
In base 4, what is 2 - -120?
122
In base 15, what is b + -2?
9
In base 10, what is 1220 - 6?
1214
In base 9, what is -4 - 87?
-102
In base 3, what is 1 + 1110020?
1110021
In base 3, what is 1 + -10001102?
-10001101
In base 12, what is 2 + 38?
3a
In base 7, what is 6 - -135?
144
In base 9, what is 1 + -40?
-38
In base 16, what is -4 + 15b?
157
In base 14, what is -275 + 0?
-275
In base 9, what is 27 - 2?
25
In base 15, what is 5 + -3a?
-35
In base 16, what is 56 + -7?
4f
In base 8, what is -40 - -5?
-33
In base 6, what is -1 + 1214?
1213
In base 11, what is -15 + 90?
76
In base 7, what is 100 - -230?
330
In base 13, what is 72b - 1?
72a
In base 12, what is -1b5 - -1?
-1b4
In base 16, what is -26 + -67?
-8d
In base 10, what is -18 - -14?
-4
In base 11, what is 60 - -a2?
152
In base 11, what is 5 - 7a?
-75
In base 5, what is -10 + 14321?
14311
In base 13, what is 643 - 4?
63c
In bas